{"id":886,"date":"2022-03-14T17:18:19","date_gmt":"2022-03-14T16:18:19","guid":{"rendered":"https:\/\/prova.ihcertification.com\/?page_id=886"},"modified":"2023-11-16T22:01:51","modified_gmt":"2023-11-16T21:01:51","slug":"f-a-q","status":"publish","type":"page","link":"https:\/\/www.ihcertification.com\/index.php\/f-a-q\/","title":{"rendered":"F.A.Q."},"content":{"rendered":"<div data-colibri-id=\"886-c1\" class=\"style-586 style-local-886-c1 position-relative\">\n  <!---->\n  <div data-colibri-component=\"section\" data-colibri-id=\"886-c2\" id=\"f-a-q-2\" class=\"h-section h-section-global-spacing d-flex align-items-lg-center align-items-md-center align-items-center style-603 style-local-886-c2 position-relative\">\n    <div class=\"background-wrapper\">\n      <div class=\"background-layer background-layer-media-container-lg\">\n        <!---->\n        <div class=\"overlay-layer\">\n          <div class=\"overlay-image-layer\" style=\"background-color: rgb(255, 255, 255); opacity: 0.75;\"><\/div>\n        <\/div>\n      <\/div>\n      <div class=\"background-layer background-layer-media-container-md\">\n        <!---->\n        <div class=\"overlay-layer\">\n          <div class=\"overlay-image-layer\" style=\"background-color: rgb(255, 255, 255); opacity: 0.75;\"><\/div>\n        <\/div>\n      <\/div>\n      <div class=\"background-layer background-layer-media-container\">\n        <!---->\n        <div class=\"overlay-layer\">\n          <div class=\"overlay-image-layer\" style=\"background-color: rgb(255, 255, 255); opacity: 0.75;\"><\/div>\n        <\/div>\n      <\/div>\n    <\/div>\n    <!---->\n    <div class=\"h-section-grid-container h-section-boxed-container\">\n      <div data-colibri-id=\"886-c16\" class=\"h-row-container gutters-row-lg-2 gutters-row-md-2 gutters-row-2 gutters-row-v-lg-2 gutters-row-v-md-2 gutters-row-v-2 style-614 style-local-886-c16 position-relative\">\n        <!---->\n        <div class=\"h-row justify-content-lg-start justify-content-md-start justify-content-start align-items-lg-stretch align-items-md-stretch align-items-stretch gutters-col-lg-2 gutters-col-md-2 gutters-col-2 gutters-col-v-lg-2 gutters-col-v-md-2 gutters-col-v-2\">\n          <!---->\n          <div class=\"h-column h-column-container d-flex h-col-lg-auto h-col-md-auto h-col-auto style-615-outer style-local-886-c17-outer\">\n            <div data-colibri-id=\"886-c17\" class=\"d-flex h-flex-basis h-column__inner h-px-lg-2 h-px-md-2 h-px-2 v-inner-lg-0 v-inner-md-0 v-inner-0 style-615 style-local-886-c17 position-relative\">\n              <!---->\n              <!---->\n              <div class=\"w-100 h-y-container h-column__content h-column__v-align flex-basis-auto align-self-lg-center align-self-md-center align-self-center\">\n                <!---->\n                <div data-colibri-id=\"886-c18\" class=\"h-global-transition-all h-heading style-616 style-local-886-c18 position-relative h-element\">\n                  <!---->\n                  <div class=\"h-heading__outer style-616 style-local-886-c18\">\n                    <!---->\n                    <!---->\n                    <h2 class=\"\">&nbsp;f.a.q.<\/h2>\n                  <\/div>\n                <\/div>\n              <\/div>\n            <\/div>\n          <\/div>\n          <div class=\"h-column h-column-container d-flex h-col-lg-auto h-col-md h-col-auto style-617-outer style-local-886-c19-outer\">\n            <div data-colibri-id=\"886-c19\" class=\"d-flex h-flex-basis h-column__inner h-px-lg-2 h-px-md-2 h-px-2 v-inner-lg-0 v-inner-md-0 v-inner-0 style-617 style-local-886-c19 position-relative\">\n              <!---->\n              <!---->\n              <div class=\"w-100 h-y-container h-column__content h-column__v-align flex-basis-100 align-self-lg-start align-self-md-start align-self-start\">\n                <!---->\n                <div data-colibri-id=\"886-c20\" class=\"h-global-transition-all h-heading style-618 style-local-886-c20 position-relative h-element\">\n                  <!---->\n                  <div class=\"h-heading__outer style-618 style-local-886-c20\">\n                    <!---->\n                    <!---->\n                    <h5 class=\"\">una risposta per ogni domanda<\/h5>\n                  <\/div>\n                <\/div>\n                <div data-colibri-id=\"886-c21\" class=\"h-text h-text-component style-619 style-local-886-c21 position-relative h-element\">\n                  <!---->\n                  <!---->\n                  <div class=\"\">\n                    <p>Riporto di seguito una serie di domande che ho rivolto<em> in primis<\/em> a me stesso. Le brevi risposte riportate di seguito, celano lunghe riflessioni, fatte in anni di variegate esperienze e appassionati approfondimenti tecnici.<\/p>\n                  <\/div>\n                <\/div>\n              <\/div>\n            <\/div>\n          <\/div>\n        <\/div>\n      <\/div>\n      <div data-colibri-id=\"886-c3\" class=\"h-row-container gutters-row-lg-2 gutters-row-md-2 gutters-row-0 gutters-row-v-lg-2 gutters-row-v-md-2 gutters-row-v-2 style-604 style-local-886-c3 position-relative\">\n        <!---->\n        <div class=\"h-row justify-content-lg-center justify-content-md-center justify-content-center align-items-lg-stretch align-items-md-stretch align-items-stretch gutters-col-lg-2 gutters-col-md-2 gutters-col-0 gutters-col-v-lg-2 gutters-col-v-md-2 gutters-col-v-2\">\n          <!---->\n          <div class=\"h-column h-column-container d-flex h-col-lg-auto h-col-md-auto h-col-auto style-605-outer style-local-886-c4-outer\">\n            <div data-colibri-id=\"886-c4\" class=\"d-flex h-flex-basis h-column__inner h-px-lg-2 h-px-md-2 h-px-2 v-inner-lg-2 v-inner-md-2 v-inner-2 style-605 style-local-886-c4 position-relative\">\n              <!---->\n              <!---->\n              <div class=\"w-100 h-y-container h-column__content h-column__v-align flex-basis-100 align-self-lg-start align-self-md-start align-self-start\">\n                <!---->\n                <div data-toggle=\"false\" data-is-preview=\"true\" data-colibri-component=\"accordion\" data-colibri-id=\"886-c5\" class=\"h-accordion style-606 style-local-886-c5 position-relative h-element\">\n                  <!---->\n                  <div data-colibri-id=\"886-c6\" class=\"h-accordion-item h-accordion-item-first-child style-607 style-local-886-c6 position-relative h-element\">\n                    <!---->\n                    <a data-open-by-default=\"false\" href=\"#886-c6\" class=\"h-accordion-item-title d-flex align-items-center h-global-transition\">\n                      <!----><span>Perch\u00e8 I.H.C.?<\/span>\n                      <div class=\"h-accordion-item-title-normal-icon h-accordion-item-title-icon h-accordion-item-title-icon-right\"><span class=\"h-svg-icon\"><!--Icon by Icons8 Line Awesome (https:\/\/icons8.com\/line-awesome)--><svg version=\"1.1\" xmlns=\"http:\/\/www.w3.org\/2000\/svg\" xmlns:xlink=\"http:\/\/www.w3.org\/1999\/xlink\" id=\"plus\" viewBox=\"0 0 512 545.5\"><path d=\"M240 112h32v160h160v32H272v160h-32V304H80v-32h160V112z\"><\/path><\/svg><\/span><\/div>\n                      <div class=\"h-accordion-item-title-active-icon h-accordion-item-title-icon h-accordion-item-title-icon-right\"><span class=\"h-svg-icon\"><!--Icon by Icons8 Line Awesome (https:\/\/icons8.com\/line-awesome)--><svg version=\"1.1\" xmlns=\"http:\/\/www.w3.org\/2000\/svg\" xmlns:xlink=\"http:\/\/www.w3.org\/1999\/xlink\" id=\"minus\" viewBox=\"0 0 512 545.5\"><path d=\"M80 272h352v32H80v-32z\"><\/path><\/svg><\/span><\/div>\n                    <\/a>\n                    <div id=\"886-c6\" class=\"h-accordion-item-content__container\">\n                      <div class=\"w-100 h-y-container h-accordion-item-content\">\n                        <!---->\n                        <div data-colibri-id=\"886-c7\" class=\"h-text h-text-component style-608 style-local-886-c7 position-relative h-element\">\n                          <!---->\n                          <!---->\n                          <div class=\"\">\n                            <p>Per anni mi sono occupato di SALUBRITA&#8217; DEGLI AMBIENTI INDOOR dal punto di vista della valutazione della corretta gestione e manutenzione degli impianti considerati potenzialmente responsabili di diffusioni di contaminazioni\n                              microbiologiche e chimiche. In principio in ambito clinico (nosocomi e case di cura), successivamente in ambito civile (pubblico e privato), per poi passare al vasto settore industriale ed infine approcciare il mondo della\n                              nautica. In ciascuno dei suddetti ambiti, le problematiche affrontate sono state molte e molto diverse tra loro. Cercare e proporre soluzioni volte a minimizzare il rischio di contagi\/contaminazioni, \u00e8 stato ci\u00f2 che le ha\n                              accomunate.&nbsp;<\/p>\n                          <\/div>\n                        <\/div>\n                      <\/div>\n                    <\/div>\n                  <\/div>\n                  <div data-colibri-id=\"886-c8\" class=\"h-accordion-item style-610 style-local-886-c8 position-relative h-element\">\n                    <!---->\n                    <a data-open-by-default=\"false\" href=\"#886-c8\" class=\"h-accordion-item-title d-flex align-items-center h-global-transition\">\n                      <!----><span>Cosa offre IHC nel vasto panorama dell&#8217;Igiene Ambientale?<\/span>\n                      <div class=\"h-accordion-item-title-normal-icon h-accordion-item-title-icon h-accordion-item-title-icon-right\"><span class=\"h-svg-icon\"><!--Icon by Icons8 Line Awesome (https:\/\/icons8.com\/line-awesome)--><svg version=\"1.1\" xmlns=\"http:\/\/www.w3.org\/2000\/svg\" xmlns:xlink=\"http:\/\/www.w3.org\/1999\/xlink\" id=\"plus\" viewBox=\"0 0 512 545.5\"><path d=\"M240 112h32v160h160v32H272v160h-32V304H80v-32h160V112z\"><\/path><\/svg><\/span><\/div>\n                      <div class=\"h-accordion-item-title-active-icon h-accordion-item-title-icon h-accordion-item-title-icon-right\"><span class=\"h-svg-icon\"><!--Icon by Icons8 Line Awesome (https:\/\/icons8.com\/line-awesome)--><svg version=\"1.1\" xmlns=\"http:\/\/www.w3.org\/2000\/svg\" xmlns:xlink=\"http:\/\/www.w3.org\/1999\/xlink\" id=\"minus\" viewBox=\"0 0 512 545.5\"><path d=\"M80 272h352v32H80v-32z\"><\/path><\/svg><\/span><\/div>\n                    <\/a>\n                    <div id=\"886-c8\" class=\"h-accordion-item-content__container\">\n                      <div class=\"w-100 h-y-container h-accordion-item-content\">\n                        <!---->\n                        <div data-colibri-id=\"886-c9\" class=\"h-text h-text-component style-611 style-local-886-c9 position-relative h-element\">\n                          <!---->\n                          <!---->\n                          <div class=\"\">\n                            <p><span style=\"font-weight: 400; font-size: 16px; font-family: &quot;Open Sans&quot;; color: rgb(102, 102, 102);\">Il mantenimento delle condizioni di salubrit\u00e0 di un ambiente indoor non pu\u00f2 prescindere da una conoscenza approfondita delle diverse fasi operative del processo, dell&#8217;impiantistica, della manutenzione, della differenza tra &#8220;PULIZIA&#8221; e &#8220;IGIENE&#8221;, tra &#8220;DISINFEZIONE&#8221; e &#8220;STERILIZZAZIONE&#8221;, tra &#8220;SANIFICAZIONE&#8221; e &#8220;BONIFICA&#8221;. Ritengo che in ambito impiantistico le problematiche legate alla salubrit\u00e0 degli ambienti, debbano essere affrontate e risolte dal punto di vista teorico partendo da un imprescindibile &#8220;senso pratico delle cose&#8221;.<\/span><\/p>\n                          <\/div>\n                        <\/div>\n                      <\/div>\n                    <\/div>\n                  <\/div>\n                  <div data-colibri-id=\"886-c10\" class=\"h-accordion-item style-612 style-local-886-c10 position-relative h-element\">\n                    <!---->\n                    <a data-open-by-default=\"false\" href=\"#886-c10\" class=\"h-accordion-item-title d-flex align-items-center h-global-transition\">\n                      <!----><span>Quanti &#8220;SIAMO&#8221;?<\/span>\n                      <div class=\"h-accordion-item-title-normal-icon h-accordion-item-title-icon h-accordion-item-title-icon-right\"><span class=\"h-svg-icon\"><!--Icon by Icons8 Line Awesome (https:\/\/icons8.com\/line-awesome)--><svg version=\"1.1\" xmlns=\"http:\/\/www.w3.org\/2000\/svg\" xmlns:xlink=\"http:\/\/www.w3.org\/1999\/xlink\" id=\"plus\" viewBox=\"0 0 512 545.5\"><path d=\"M240 112h32v160h160v32H272v160h-32V304H80v-32h160V112z\"><\/path><\/svg><\/span><\/div>\n                      <div class=\"h-accordion-item-title-active-icon h-accordion-item-title-icon h-accordion-item-title-icon-right\"><span class=\"h-svg-icon\"><!--Icon by Icons8 Line Awesome (https:\/\/icons8.com\/line-awesome)--><svg version=\"1.1\" xmlns=\"http:\/\/www.w3.org\/2000\/svg\" xmlns:xlink=\"http:\/\/www.w3.org\/1999\/xlink\" id=\"minus\" viewBox=\"0 0 512 545.5\"><path d=\"M80 272h352v32H80v-32z\"><\/path><\/svg><\/span><\/div>\n                    <\/a>\n                    <div id=\"886-c10\" class=\"h-accordion-item-content__container\">\n                      <div class=\"w-100 h-y-container h-accordion-item-content\">\n                        <!---->\n                        <div data-colibri-id=\"886-c11\" class=\"h-text h-text-component style-613 style-local-886-c11 position-relative h-element\">\n                          <!---->\n                          <!---->\n                          <div class=\"\">\n                            <p>IHC \u00e8 un&#8217;impresa individuale. Nell&#8217;ambito in cui si colloca \u00e8 impensabile che una singola persona possa affrontare e risolvere problematiche che potrebbero rivelarsi difficoltose da gestire anche per una Azienda con un nutrito\n                              organico a servizio. La forza di IHC risiede nella capacit\u00e0 di gestire con estrema snellezza tutto ci\u00f2 di cui il Cliente ha bisogno e che necessita del coordinamento di pi\u00f9 Aziende come quelle sopraccitate, mantenendo per\u00f2\n                              un singolo interlocutore. Ecco perch\u00e9 mi appello alla prima persona plurale; sar\u00e0 il coordinamento di una grande forza a determinare il buon esito e l&#8217;alto livello qualitativo dell&#8217;attivit\u00e0 svolta.<\/p>\n                          <\/div>\n                        <\/div>\n                      <\/div>\n                    <\/div>\n                  <\/div>\n                  <div data-colibri-id=\"886-c12\" class=\"h-accordion-item style-654 style-local-886-c12 position-relative h-element\">\n                    <!---->\n                    <a data-open-by-default=\"false\" href=\"#886-c12\" class=\"h-accordion-item-title d-flex align-items-center h-global-transition\">\n                      <!----><span>Come possiamo gestire grandi commesse?<\/span>\n                      <div class=\"h-accordion-item-title-normal-icon h-accordion-item-title-icon h-accordion-item-title-icon-right\"><span class=\"h-svg-icon\"><!--Icon by Icons8 Line Awesome (https:\/\/icons8.com\/line-awesome)--><svg version=\"1.1\" xmlns=\"http:\/\/www.w3.org\/2000\/svg\" xmlns:xlink=\"http:\/\/www.w3.org\/1999\/xlink\" id=\"plus\" viewBox=\"0 0 512 545.5\"><path d=\"M240 112h32v160h160v32H272v160h-32V304H80v-32h160V112z\"><\/path><\/svg><\/span><\/div>\n                      <div class=\"h-accordion-item-title-active-icon h-accordion-item-title-icon h-accordion-item-title-icon-right\"><span class=\"h-svg-icon\"><!--Icon by Icons8 Line Awesome (https:\/\/icons8.com\/line-awesome)--><svg version=\"1.1\" xmlns=\"http:\/\/www.w3.org\/2000\/svg\" xmlns:xlink=\"http:\/\/www.w3.org\/1999\/xlink\" id=\"minus\" viewBox=\"0 0 512 545.5\"><path d=\"M80 272h352v32H80v-32z\"><\/path><\/svg><\/span><\/div>\n                    <\/a>\n                    <div id=\"886-c12\" class=\"h-accordion-item-content__container\">\n                      <div class=\"w-100 h-y-container h-accordion-item-content\">\n                        <!---->\n                        <div data-colibri-id=\"886-c13\" class=\"h-text h-text-component style-655 style-local-886-c13 position-relative h-element\">\n                          <!---->\n                          <!---->\n                          <div class=\"\">\n                            <p>Lo studio approfondito della situazione impiantistica e strutturale esistente, l&#8217;analisi degli interventi pregressi e delle azioni pianificate, porter\u00e0 alla scelta delle Aziende da coinvolgere, in base alle reali necessit\u00e0.\n                              In questo modo \u00e8 possibile pianificare e coordinare interventi su impianti industriali cos\u00ec come su piccoli esercizi commerciali, commisurando la forza lavoro alle reali necessit\u00e0 della Committenza, limitando le interferenze\n                              e minimizzando i costi. La redazione di un piano di mantenimento delle condizioni ristabilite, diminuir\u00e0 altres\u00ec la frequenza di ulteriori e successivi interventi esterni.<\/p>\n                          <\/div>\n                        <\/div>\n                      <\/div>\n                    <\/div>\n                  <\/div>\n                  <div data-colibri-id=\"886-c14\" class=\"h-accordion-item style-656 style-local-886-c14 position-relative h-element\">\n                    <!---->\n                    <a data-open-by-default=\"false\" href=\"#886-c14\" class=\"h-accordion-item-title d-flex align-items-center h-global-transition\">\n                      <!----><span>Perch\u00e9 contattarci? <\/span>\n                      <div class=\"h-accordion-item-title-normal-icon h-accordion-item-title-icon h-accordion-item-title-icon-right\"><span class=\"h-svg-icon\"><!--Icon by Icons8 Line Awesome (https:\/\/icons8.com\/line-awesome)--><svg version=\"1.1\" xmlns=\"http:\/\/www.w3.org\/2000\/svg\" xmlns:xlink=\"http:\/\/www.w3.org\/1999\/xlink\" id=\"plus\" viewBox=\"0 0 512 545.5\"><path d=\"M240 112h32v160h160v32H272v160h-32V304H80v-32h160V112z\"><\/path><\/svg><\/span><\/div>\n                      <div class=\"h-accordion-item-title-active-icon h-accordion-item-title-icon h-accordion-item-title-icon-right\"><span class=\"h-svg-icon\"><!--Icon by Icons8 Line Awesome (https:\/\/icons8.com\/line-awesome)--><svg version=\"1.1\" xmlns=\"http:\/\/www.w3.org\/2000\/svg\" xmlns:xlink=\"http:\/\/www.w3.org\/1999\/xlink\" id=\"minus\" viewBox=\"0 0 512 545.5\"><path d=\"M80 272h352v32H80v-32z\"><\/path><\/svg><\/span><\/div>\n                    <\/a>\n                    <div id=\"886-c14\" class=\"h-accordion-item-content__container\">\n                      <div class=\"w-100 h-y-container h-accordion-item-content\">\n                        <!---->\n                        <div data-colibri-id=\"886-c15\" class=\"h-text h-text-component style-657 style-local-886-c15 position-relative h-element\">\n                          <!---->\n                          <!---->\n                          <div class=\"\">\n                            <p>Collaboro con grandi Aziende del settore, offrendo consulenza tecnica e operativa nella Valutazione del rischio microbiologico e chimico, nella gestione di cantieri di sanificazione di impianti aeraulici e idraulici, nello\n                              studio di soluzioni impiantistiche volte alla minimizzazione del rischio e al mantenimento di condizioni di salubrit\u00e0 degli ambienti indoor. Un sopralluogo sugli impianti, implementato da video ispezioni, materiale iconografico\n                              e disegni tecnici qualora mancanti, fornir\u00e0 il materiale necessario alla formulazione di un piano d&#8217;intervento mirato e limitato alle reali necessit\u00e0 della Committenza.<\/p>\n                          <\/div>\n                        <\/div>\n                      <\/div>\n                    <\/div>\n                  <\/div>\n                <\/div>\n              <\/div>\n            <\/div>\n          <\/div>\n        <\/div>\n      <\/div>\n    <\/div>\n  <\/div>\n<\/div>","protected":false},"excerpt":{"rendered":"<p>&nbsp;f.a.q. una risposta per ogni domanda Riporto di seguito una serie di domande che ho rivolto in primis a me stesso. Le brevi risposte riportate di seguito, celano lunghe riflessioni, fatte in anni di variegate esperienze e appassionati approfondimenti tecnici. Perch\u00e8 I.H.C.? Per anni mi sono occupato di SALUBRITA&#8217; DEGLI AMBIENTI INDOOR dal punto di [&hellip;]<\/p>\n","protected":false},"author":1,"featured_media":0,"parent":0,"menu_order":0,"comment_status":"closed","ping_status":"closed","template":"page-templates\/full-width-page.php","meta":{"footnotes":""},"class_list":["post-886","page","type-page","status-publish","hentry"],"_links":{"self":[{"href":"https:\/\/www.ihcertification.com\/index.php\/wp-json\/wp\/v2\/pages\/886","targetHints":{"allow":["GET"]}}],"collection":[{"href":"https:\/\/www.ihcertification.com\/index.php\/wp-json\/wp\/v2\/pages"}],"about":[{"href":"https:\/\/www.ihcertification.com\/index.php\/wp-json\/wp\/v2\/types\/page"}],"author":[{"embeddable":true,"href":"https:\/\/www.ihcertification.com\/index.php\/wp-json\/wp\/v2\/users\/1"}],"replies":[{"embeddable":true,"href":"https:\/\/www.ihcertification.com\/index.php\/wp-json\/wp\/v2\/comments?post=886"}],"version-history":[{"count":18,"href":"https:\/\/www.ihcertification.com\/index.php\/wp-json\/wp\/v2\/pages\/886\/revisions"}],"predecessor-version":[{"id":2795,"href":"https:\/\/www.ihcertification.com\/index.php\/wp-json\/wp\/v2\/pages\/886\/revisions\/2795"}],"wp:attachment":[{"href":"https:\/\/www.ihcertification.com\/index.php\/wp-json\/wp\/v2\/media?parent=886"}],"curies":[{"name":"wp","href":"https:\/\/api.w.org\/{rel}","templated":true}]}}